{"id":148,"date":"2014-10-17T22:00:38","date_gmt":"2014-10-18T05:00:38","guid":{"rendered":"https:\/\/www.cpecschool.org\/?page_id=148"},"modified":"2017-03-19T10:14:31","modified_gmt":"2017-03-19T17:14:31","slug":"enrollment-get-started","status":"publish","type":"page","link":"https:\/\/www.cpecschool.org\/?page_id=148","title":{"rendered":"Enroll Now"},"content":{"rendered":"<p>Feel free to submit below, or download the <a title=\"Enrollment Interest Form\" href=\"https:\/\/www.cpecschool.org\/wp-content\/uploads\/2014\/10\/CPEC-Enrollment-Interest-Form-2015-16.pdf\" target=\"_blank\">Enrollment Interest Form<\/a> and email completed form to info@cpecschool.org<\/p>\n<link rel=\"stylesheet\" type=\"text\/css\" href=\"https:\/\/app.imeetcentral.com\/s\/css\/base.css\"\/>\n<script type=\"text\/javascript\" src=\"https:\/\/app.imeetcentral.com\/s\/js\/cc-external.js\"><\/script><\/p>\n<form action=\"https:\/\/truedserv.imeetcentral.com\/spaces\/doaction_db\" method=\"post\" enctype=\"multipart\/form-data\"\n      id=\"db_record\" name=\"db_record\" accept-charset=\"utf8\" onsubmit=\"return cd_db_field_validate(this, event);\"><br \/>\n    <input type=\"hidden\" name=\"do\" value=\"add\" \/><br \/>\n    <input type=\"hidden\" name=\"loc\" value=\"https:\/\/www.cpecschool.org\/?page_id=340\" \/><br \/>\n    <input type=\"hidden\" name=\"guid\" value=\"fld9fy5quqptqt2qdut5f97590662737\" \/><br \/>\n    <input type=\"hidden\" name=\"spid\" value=\"447267\" \/><br \/>\n    <input type=\"hidden\" name=\"source\" value=\"custom\" \/><br \/>\n    <input type=\"hidden\" name=\"textarea_type\" value=\"txt\" \/><br \/>\n    <input type=\"hidden\" name=\"db_method\" value=\"guid\" \/><\/p>\n<div id=\"er_height\">\n<table class=\"db_rec_view\">\n<p><input name=\"db_method\" type=\"hidden\" value=\"guid\" \/><\/p>\n<div id=\"er_height\">\n<table class=\"db_rec_view\">\n<tbody>\n<tr>\n<td class=\"req\" colspan=\"2\">Fields Marked with a <span class=\"db_required\">*<\/span> are required<\/td>\n<\/tr>\n<tr>\n<td style=\"text-align: center;\"><span style=\"color: #ff0000;\"><strong>STUDENT INFO<\/strong><\/span><\/td>\n<td><\/td>\n<\/tr>\n<tr>\n<td class=\"label\"><span class=\"db_required\">*<\/span> <span title=\"First Name (Nombre)\">First Name (Nombre)<\/span><\/td>\n<td class=\"value\"><input id=\"c_student_first_name\" class=\"required\" style=\"width: 250px;\" name=\"c_student_first_name\" type=\"text\" value=\"\" \/><\/td>\n<\/tr>\n<tr>\n<td class=\"label\"><span class=\"db_required\">*<\/span> <span title=\"Last Name (Apellido)\">Last Name (Apellido)<\/span><\/td>\n<td class=\"value\"><input id=\"c_last_name_apellido\" class=\"required\" style=\"width: 250px;\" name=\"c_last_name_apellido\" type=\"text\" value=\"\" \/><\/td>\n<\/tr>\n<tr>\n<td class=\"label\"><span class=\"db_required\">*<\/span> <span title=\"Email (Correo electr\u00f3nico)\">Email (Correo electr\u00f3nico)<\/span><\/td>\n<td class=\"value\"><input id=\"c_email\" class=\"required validate-email\" style=\"width: 250px;\" name=\"c_email\" type=\"text\" value=\"\" \/><\/td>\n<\/tr>\n<tr>\n<td class=\"label\"><span title=\"Phone Number: (N\u00famero de tel\u00e9fono)\">Phone Number: (N\u00famero de tel\u00e9fono)<\/span><\/td>\n<td class=\"value\"><input id=\"c_phone_number\" class=\"\" style=\"width: 250px;\" name=\"c_phone_number\" type=\"text\" value=\"\" \/><\/td>\n<\/tr>\n<tr>\n<td class=\"label\"><span class=\"db_required\">*<\/span> <span title=\"Postal Code: (C\u00f3digo Postal)\">Postal Code: (C\u00f3digo Postal)<\/span><\/td>\n<td class=\"value\"><input id=\"c_postal_code\" class=\"required validate-number-nodecimal\" style=\"width: 100px;\" name=\"c_postal_code\" type=\"text\" value=\"0\" \/><\/td>\n<\/tr>\n<tr>\n<td class=\"label\"><span title=\"Gender (G\u00e9nero)\">Gender (G\u00e9nero)<\/span><\/td>\n<td class=\"value\"><select id=\"c_gender\" class=\"validate-is-not-addon fix-iewidth\" name=\"c_gender\"><option value=\"\"><\/option><option value=\"Male\">Male<\/option><option value=\"Female\">Female<\/option><option value=\"Decline to State\">Decline to State<\/option><\/select><\/td>\n<\/tr>\n<tr>\n<td class=\"label\">                <span title=\"Birthdate\">Birthdate<\/span>\n            <\/td>\n<td class=\"value\"><input class=\"\"style=\"width: 250px;\"type=\"text\" name=\"c_birthdate\" value=\"\"id=\"c_birthdate\"\/><\/td>\n<\/tr>\n<tr>\n<td class=\"label\"><span class=\"db_required\">*<\/span> <span title=\"Current Grade Level (Grado Actual)\">Current Grade Level (Grado Actual)<\/span><\/td>\n<td class=\"value\"><input id=\"c_current_grade_level\" class=\"required validate-number-nodecimal\" style=\"width: 100px;\" name=\"c_current_grade_level\" type=\"text\" value=\"9\" \/><\/td>\n<\/tr>\n<tr>\n<td class=\"label\"><span title=\"Where do you currently attend or last attended school:(\u00bfNombre de la escuela que asiste o \u00faltima escuela que asisti\u00f3?)\">Where do you currently attend or last attended&#8230;<\/span><\/td>\n<td class=\"value\"><input id=\"c_where_do_you_currently_attend_or_last_attended_school\" class=\"\" style=\"width: 250px;\" name=\"c_where_do_you_currently_attend_or_last_attended_school\" type=\"text\" value=\"\" \/><\/td>\n<\/tr>\n<tr>\n<td style=\"text-align: center;\"><span style=\"color: #ff0000;\"><strong>PARENT\/GUARDIAN INFO<\/strong><\/span><\/td>\n<td><\/td>\n<\/tr>\n<tr>\n<td class=\"label\"><span class=\"db_required\">*<\/span> <span title=\"Guardian First and Last Name (Nombre)\">First and Last Name (Nombre)<\/span><\/td>\n<td class=\"value\"><input id=\"c_guardian_first_and_last_name\" class=\"required\" style=\"width: 250px;\" name=\"c_guardian_first_and_last_name\" type=\"text\" value=\"\" \/><\/td>\n<\/tr>\n<tr>\n<td class=\"label\"><span title=\"Parent or Guardian Email (Correo Electronico del Padre\/Madre)\">Email (Correo Electronico del Padre\/Madre)<\/span><\/td>\n<td class=\"value\"><input id=\"c_parent_email_correo_electronico_del_padremadre\" class=\"\" style=\"width: 250px;\" name=\"c_parent_email_correo_electronico_del_padremadre\" type=\"text\" value=\"\" \/><\/td>\n<\/tr>\n<tr>\n<td class=\"label\"><span title=\"Parent or Guardian Phone Number (Numero de telephone)\">Phone Number (Numero de telephone)<\/span><\/td>\n<td class=\"value\"><input id=\"c_guardian_phone_number_numero_de_telephone\" class=\"\" style=\"width: 250px;\" name=\"c_guardian_phone_number_numero_de_telephone\" type=\"text\" value=\"\" \/><\/td>\n<\/tr>\n<tr>\n<td style=\"text-align: center;\"><span style=\"color: #ff0000;\"><strong>PLEASE LET US KNOW<\/strong><\/span><\/td>\n<td><\/td>\n<\/tr>\n<tr>\n<td class=\"label\"><span title=\"How did you hear about CPEC: (\u00bfC\u00f3mo fue informado de la escuela Clear Passage Educational Center?)\">How did you hear about CPEC: (\u00bfC\u00f3&#8230;<\/span><\/td>\n<td class=\"value\"><textarea id=\"c_how_did_you_hear_about_clear_passage_educational_center\" class=\"h130 w100p \" name=\"c_how_did_you_hear_about_clear_passage_educational_center\"><\/textarea><\/td>\n<\/tr>\n<tr>\n<td class=\"label\"><span title=\"Who is filling out the information? (Quien esta llenando la information?)\">Who is filling out the information? (Quien esta&#8230;<\/span><\/td>\n<td class=\"value\"><select id=\"c_who_is_filling_out_the_information\" class=\"validate-is-not-addon fix-iewidth\" name=\"c_who_is_filling_out_the_information\" onchange=\"databases.add_new_choice('fld9fy5quqptqt2qdut5f97590662737', this.options[this.selectedIndex].value, 'c_who_is_filling_out_the_information', 447267);\"><option value=\"\"><\/option><option value=\"Student (Estudiante)\">Student (Estudiante)<\/option><option value=\"Parent (Padre)\">Parent (Padre)<\/option><option value=\"~new~\">&lt;Add New Choice&#8230;&gt;<\/option><\/select><\/td>\n<\/tr>\n<tr>\n<td class=\"c\" colspan=\"2\"><input class=\"button btn\" name=\"db_submit\" type=\"submit\" value=\"Submit\" \/><\/td>\n<\/tr>\n<\/tbody>\n<\/table>\n<\/div>\n<p><script>\n    var valid = new Validation(\"db_record\", { immediate : true });\n<\/script><\/p>\n","protected":false},"excerpt":{"rendered":"<p>Feel free to submit below, or download the Enrollment Interest Form and email completed form to info@cpecschool.org Fields Marked with a * are required STUDENT INFO * First Name (Nombre) * Last Name (Apellido) * Email (Correo electr\u00f3nico) Phone Number: (N\u00famero de tel\u00e9fono) * Postal Code: (C\u00f3digo Postal) Gender (G\u00e9nero) MaleFemaleDecline to State Birthdate * [&hellip;]<\/p>\n","protected":false},"author":1,"featured_media":0,"parent":0,"menu_order":0,"comment_status":"open","ping_status":"open","template":"","meta":{"jetpack_post_was_ever_published":false,"footnotes":""},"class_list":["post-148","page","type-page","status-publish","hentry"],"jetpack_sharing_enabled":true,"jetpack_shortlink":"https:\/\/wp.me\/P8uTd7-2o","_links":{"self":[{"href":"https:\/\/www.cpecschool.org\/index.php?rest_route=\/wp\/v2\/pages\/148","targetHints":{"allow":["GET"]}}],"collection":[{"href":"https:\/\/www.cpecschool.org\/index.php?rest_route=\/wp\/v2\/pages"}],"about":[{"href":"https:\/\/www.cpecschool.org\/index.php?rest_route=\/wp\/v2\/types\/page"}],"author":[{"embeddable":true,"href":"https:\/\/www.cpecschool.org\/index.php?rest_route=\/wp\/v2\/users\/1"}],"replies":[{"embeddable":true,"href":"https:\/\/www.cpecschool.org\/index.php?rest_route=%2Fwp%2Fv2%2Fcomments&post=148"}],"version-history":[{"count":10,"href":"https:\/\/www.cpecschool.org\/index.php?rest_route=\/wp\/v2\/pages\/148\/revisions"}],"predecessor-version":[{"id":569,"href":"https:\/\/www.cpecschool.org\/index.php?rest_route=\/wp\/v2\/pages\/148\/revisions\/569"}],"wp:attachment":[{"href":"https:\/\/www.cpecschool.org\/index.php?rest_route=%2Fwp%2Fv2%2Fmedia&parent=148"}],"curies":[{"name":"wp","href":"https:\/\/api.w.org\/{rel}","templated":true}]}}